 is -4bd1be (base 16) in base 13?
-104c898
What is -6024572 (base 8) in base 12?
-64444a
-2163322 (base 9) to base 15
-17ec32
What is -6772426 (base 8) in base 15?
-262d29
Convert ea0151 (base 15) to base 10.
11137801
-11233123103 (base 4) to base 12
-606b2b
What is -263223 (base 10) in base 7?
-2144262
What is -1222133110 (base 4) in base 3?
-211011022211
Convert -11731316 (base 8) to base 2.
-1001111011001011001110
What is -62561 (base 14) in base 13?
-83b87
What is -10302113003 (base 4) in base 9?
-2322288
Convert -eae9 (base 16) to base 3.
-10001111022
-6642273 (base 10) to base 13
-14b7451
Convert -2da134 (base 16) to base 2.
-1011011010000100110100
Convert -11101001010110010000 (base 2) to base 13.
-276076
1286b (base 12) to base 3
1021212202
c1244 (base 15) to base 10
611389
Convert 382899 (base 10) to base 15.
786b9
-404451454 (base 6) to base 4
-122133011122
Convert -b32b0 (base 12) to base 11.
-14a645
-5023738 (base 9) to base 15
-37c07b
What is -60557 (base 9) in base 15?
-bbed
What is 3022100012 (base 5) in base 10?
6050007
What is -222011110 (base 3) in base 7?
-106416
Convert 44a501 (base 12) to base 8.
4135121
Convert -4435110 (base 7) to base 14.
-1033b0
Convert -1cb319 (base 13) to base 5.
-142114341
Convert -39c04 (base 13) to base 9.
-173401
-127502 (base 8) to base 15
-d461
What is 11111000010100001 (base 2) in base 8?
370241
-344043433 (base 5) to base 9
-2822015
Convert 236541 (base 8) to base 16.
13d61
What is -223213131 (base 5) in base 12?
-3b9a6a
What is 1360340 (base 7) in base 3?
100021112212
Convert -318a8b (base 13) to base 14.
-223593
132313231211 (base 4) to base 10
8092517
1370742 (base 8) to base 3
201210102201
What is -10011110010110111 (base 2) in base 5?
-10043304
Convert 9ba545 (base 14) to base 5.
2323311343
-6854b9 (base 14) to base 5
-1402031224
What is 26b86 (base 15) in base 8?
362305
What is -744f (base 16) in base 13?
-10725
650ac (base 14) to base 12
b9500
Convert -1e3144 (base 15) to base 3.
-2210010011201
-10011110010110101101010 (base 2) to base 14
-99104a
What is -1122192 (base 14) in base 3?
-120100001201000
-3b460a8 (base 12) to base 13
-2599991
What is -204330122 (base 5) in base 2?
-11010000101111111101
What is -73487 (base 16) in base 3?
-212222201212
Convert 293f6 (base 16) to base 4.
221033312
-453513 (base 10) to base 15
-8e593
Convert -211001201233 (base 4) to base 10.
-9705583
What is -1113330311 (base 4) in base 9?
-608142
What is 3110204 (base 5) in base 8?
142767
Convert 3da503 (base 14) to base 16.
20ac77
What is -14bd4b1 (base 14) in base 7?
-152121511
39601 (base 11) to base 14
168cd
Convert -52124301 (base 6) to base 7.
-15533545
7753264 (base 8) to base 14
3c45b6
-1243030 (base 7) to base 15
-32e97
Convert -77823 (base 10) to base 14.
-2050b
Convert -4e7907 (base 15) to base 5.
-1431200112
Convert 1101000100101000111 (base 2) to base 14.
b2171
What is -aa496a (base 12) in base 5?
-1143011340
Convert -865a7a (base 13) to base 5.
-1301420421
212721 (base 8) to base 14
1bcc1
240010032 (base 5) to base 6
35242344
What is -63315a (base 14) in base 9?
-6266260
-83c7 (base 16) to base 8
-101707
What is 8e62 (base 16) in base 9?
55000
Convert -1011011101110100000 (base 2) to base 15.
-764c7
Convert 148a97 (base 11) to base 5.
24402304
Convert 10010111000110110000010 (base 2) to base 16.
4b8d82
-5f728 (base 16) to base 7
-3215542
What is 601396 (base 10) in base 5?
123221041
83633 (base 9) to base 7
316623
1376414 (base 11) to base 12
961046
What is 56387 (base 15) in base 6?
5513201
Convert -120324340 (base 5) to base 2.
-10001000010000001111
Convert 22314224 (base 5) to base 10.
198064
11403300 (base 5) to base 16
1a0cc
Convert 44311012 (base 5) to base 6.
12131004
Convert 2426b (base 13) to base 12.
32481
What is 451224 (base 15) in base 4?
30210110110
Convert 5131f (base 16) to base 4.
1101030133
What is -198e91 (base 15) in base 12?
-50079a
-813031 (base 9) to base 14
-c74d2
-4427535 (base 8) to base 13
-3295bb
Convert 392732 (base 10) to base 8.
1377034
What is 14a6228 (base 12) in base 14?
7b4544
What is -4811a (base 11) in base 15?
-15839
What is -12302321133 (base 4) in base 16?
-1b2e5f
-122b1b (base 15) to base 11
-544607
-3a64 (base 12) to base 14
-2628
Convert 3334241 (base 5) to base 3.
2222111221
What is -220104444 (base 5) in base 16?
-e5cc1
What is 1363855 (base 9) in base 13?
2039ab
What is -310240454 (base 6) in base 16?
-517a32
Convert -1723263 (base 9) to base 14.
-1add7a
44096d (base 14) to base 5
1042304241
Convert 126071 (base 9) to base 13.
28b40
-1011100001101101 (base 2) to base 11
-32521
What is -208cd7 (base 14) in base 9?
-2056088
3041243034 (base 5) to base 10
6196644
What is -8333 (base 11) in base 16?
-2b27
2b5199 (base 15) to base 3
10221022212200
2231a (base 14) to base 3
11012202120
Convert 2121222010021 (base 3) to base 4.
11111001310
Convert -11101101000000110 (base 2) to base 4.
-131220012
What is -2203422404 (base 5) in base 9?
-8836617
2122200012010 (base 3) to base 7
14663661
72011 (base 9) to base 12
23517
Convert 575153 (base 8) to base 14.
511b5
Convert -789258 (base 10) to base 6.
-24525550
Convert 7124176 (base 8) to base 11.
1073092
-a4bb0 (base 16) to base 2
-10100100101110110000
What is -11112220110011 (base 3) in base 11?
-14025a8
What is -20211111121 (base 3) in base 2?
-100000110101100111
9a66b6 (base 14) to base 12
1909948
Convert 1000041304 (base 5) to base 12.
7a3a19
1019cc (base 14) to base 12
221b54
What is 110010001100101010 (base 2) in base 12?
9aba2
What is 11022121020021 (base 3) in base 7?
25336066
Convert -11044232400 (base 5) to base 12.
-4077729
110120000201102 (base 3) to base 16
65d2a5
Convert 1436061 (base 9) to base 2.
11000001010011000101
What is -2202122221 (base 3) in base 9?
-82587
What is 3442322 (base 6) in base 13?
6262a
-227a2a (base 12) to base 5
-120141311
What is 20610408 (base 9) in base 5?
10020132000
-20150 (base 12) to base 9
-63146
What is -49166b (base 13) in base 8?
-6521161
122222002112211 (base 3) to base 10
9548113
1bd60 (base 16) to base 7
653260
What is 17e3ec (base 15) in base 7?
12606312
Convert 99073 (base 12) to base 11.
128a66
What is -22b21 (base 13) in base 10?
-63402
-14210340 (base 5) to base 9
-244414
-7ba1 (base 16) to base 5
-2003044
What is 111010101010011000011 (base 2) in base 13?
523c2b
12010622 (base 7) to base 15
15e802
Convert 13b134 (base 12) to base 2.
1010000100111111000
Convert -22310 (base 15) to base 9.
-175076
156354 (base 9) to base 7
551254
Convert -35858 (base 10) to base 7.
-206354
-503b1 (base 13) to base 10
-143456
Convert 2022210202111 (base 3) to base 16.
12dcf0
-265b52 (base 12) to base 7
-5242430
Convert -10020222111221 (base 3) to base 15.
-2431a1
Convert -34006215 (base 8) to base 7.
-116262610
Convert 100101101010101000100 (base 2) to base 8.
4552504
What is 1033341 (base 6) in base 14?
149c1
What is -10011110111101010 (base 2) in base 6?
-1424442
-697cd (base 14) to base 16
-3eae9
Convert -11420300 (base 5) to base 10.
-107575
Convert -22331301231 (base 4) to base 2.
-1010111101110001101101
Convert -7938 (base 11) to base 15.
-3167
-210267 (base 8) to base 11
-484a9
What is 285027 (base 12) in base 5?
133002343
2300001 (base 6) to base 4
130132201
Convert -51655 (base 11) to base 16.
-1263a
What is 20752 (base 14) in base 15?
182d6
606253 (base 9) to base 10
358878
-3500255 (base 7) to base 11
-279462
-5838753 (base 10) to base 5
-2443320003
Convert 2c749 (base 13) to base 8.
245372
1771172 (base 8) to base 16
7f27a
656754 (base 8) to base 2
110101110111101100
What is -2687735 (base 10) in base 5?
-1142001420
Convert 1697197 (base 11) to base 15.
3bd155
-62ca74 (base 14) to base 8
-14571016
301520 (base 7) to base 9
76882
-59037 (base 11) to base 8
-246350
Convert -11a9786 (base 11) to base 4.
-13332232212
What is -8653271 (base 9) in base 14?
-88b4ac
2568aa (base 11) to base 15
7ec3b
What is -2222020111112 (base 3) in base 14?
-2d180b
112112001012 (base 3) to base 4
1011301220
Convert 2583aa (base 13) to base 3.
1200220112012
291b94 (base 13) to base 3
1212222222020
What is 58290 (base 11) in base 7?
500315
-1000000110101000111001 (base 2) to base 7
-24025266
Convert 334055004 (base 6) to base 14.
b411c8
Convert -2212213030 (base 4) to base 10.
-6824